se 15, what is 15a2047 - -10?
15a2057
In base 9, what is 2524 - -8314?
11838
In base 6, what is -433424513 - -4?
-433424505
In base 4, what is -10131121 + -20023?
-10211210
In base 7, what is 5334 + -24653?
-16316
In base 10, what is -3195350 - -25?
-3195325
In base 11, what is a39197 + -17?
a39180
In base 13, what is -1618a0 + -1b?
-1618bb
In base 4, what is 320210302213000 + -3?
320210302212331
In base 16, what is -24e8122 - 0?
-24e8122
In base 11, what is -1627 - 13695?
-15211
In base 15, what is 19 + -3491cb?
-3491b2
In base 8, what is -5023275 - -5?
-5023270
In base 6, what is -233 + -300443?
-301120
In base 15, what is -4 + 2cea74?
2cea70
In base 9, what is 215670078 - 0?
215670078
In base 2, what is 110000100 - 101000011?
1000001
In base 15, what is -2 + 3080d?
3080b
In base 3, what is 212220102121221021 - 0?
212220102121221021
In base 12, what is -a202aa + 19a?
-a20110
In base 13, what is 2921c44 + 10?
2921c54
In base 16, what is -ef78 + 36?
-ef42
In base 4, what is 10 + 2302322310000?
2302322310010
In base 13, what is 222966146 + -5?
222966141
In base 8, what is 26 - 66024?
-65776
In base 13, what is 164b + -b121?
-97a3
In base 11, what is 90a3194 - -1?
90a3195
In base 3, what is -22111120102211 + -112?
-22111120110100
In base 8, what is -3 + 237036215?
237036212
In base 3, what is -102121211121 + -1122?
-102121220020
In base 14, what is -1 + 1641c53?
1641c52
In base 13, what is -4 + -21b50902?
-21b50906
In base 3, what is 211002020 + 11102?
211020122
In base 5, what is -14 + 34023321112?
34023321043
In base 2, what is -11000110 + -100010001100001?
-100010100100111
In base 9, what is 14 + -25804?
-25780
In base 14, what is 7009dc + 9?
700a07
In base 8, what is 3 + 23236670?
23236673
In base 14, what is -2 - 1d36758?
-1d3675a
In base 7, what is 16165266 + 3?
16165302
In base 5, what is 1334 + 12020404?
12022243
In base 2, what is -11101110100 - -1111011011111?
1011101101011
In base 3, what is 202202121202211 + 100?
202202121210011
In base 5, what is 3 + -210432040014?
-210432040011
In base 16, what is -2b - -94b4?
9489
In base 9, what is -648 + -25861?
-26620
In base 9, what is 2 - -67471532?
67471534
In base 12, what is 6657 + -32?
6625
In base 16, what is -9 - 4cc2095?
-4cc209e
In base 6, what is 512 - -3521442?
3522354
In base 6, what is 31453 + -453?
31000
In base 13, what is -5 - 111641c0?
-111641c5
In base 7, what is -120240 + 203?
-120034
In base 5, what is -3414343404 - -41?
-3414343313
In base 7, what is 124140 - 20242?
103565
In base 12, what is -1058 - -26a80?
25a24
In base 3, what is -11010 + 1002000110220?
1002000022210
In base 14, what is 17 + 5ab9db?
5aba14
In base 4, what is 110300301331 - 11?
110300301320
In base 5, what is -23314 + -23333233?
-23412102
In base 7, what is -241401301 - 10?
-241401311
In base 2, what is 101101000011011 - -11001101101?
110000010001000
In base 11, what is -287 - 25a313?
-25a59a
In base 4, what is 2033303 + 11332303?
20032212
In base 14, what is 266270 + -6?
266268
In base 12, what is -b - -51954b0?
51954a1
In base 9, what is -1660 - -56144?
54374
In base 8, what is -15 - 11671620?
-11671635
In base 13, what is -2b9 - 6a7b80?
-6a8169
In base 4, what is -1112232101333 + -10?
-1112232102003
In base 13, what is -257 - 1b751?
-1b9a8
In base 15, what is 232de - -1a2?
23491
In base 10, what is 312 + -3330?
-3018
In base 9, what is 14375 + 736?
15222
In base 10, what is -101 - 80369?
-80470
In base 11, what is -18a1 + -60a18?
-62809
In base 12, what is -7b - -678b?
6710
In base 15, what is 77041 - 30?
77011
In base 7, what is 1050 + -4604?
-3524
In base 8, what is -2 - 7074466?
-7074470
In base 14, what is -5b7ddd - 5?
-5b8004
In base 11, what is 53985 - 9?
53977
In base 9, what is -270344087 - 2?
-270344100
In base 7, what is 1440 + -10304?
-5534
In base 2, what is -1 - -1111010000101011001111011011?
1111010000101011001111011010
In base 12, what is -2a10a - 416?
-2a524
In base 13, what is -4 + 1339b13b?
1339b137
In base 8, what is -177353 + -1453?
-201026
In base 7, what is -100154 + -306?
-100463
In base 16, what is -e + -786d?
-787b
In base 9, what is 18300 + 1433?
20733
In base 12, what is -5216080 - -4?
-5216078
In base 4, what is -3221 + -130130?
-200011
In base 16, what is 298af8a8 + 3?
298af8ab
In base 11, what is -9 + 5859288?
585927a
In base 6, what is -301550122 + 133?
-301545545
In base 7, what is 61533 - 142?
61361
In base 10, what is 195871 - -9?
195880
In base 3, what is 12 + -1122212211021002?
-1122212211020220
In base 5, what is -1111211 + 20244?
-1040412
In base 13, what is -10 - 1280710?
-1280720
In base 6, what is -330121254 + -12?
-330121310
In base 4, what is 3330311 - 10103131?
-112220
In base 14, what is 810 - -29523?
29d33
In base 8, what is 411 + -4277622?
-4277211
In base 2, what is 110100100100111001001 + -101010?
110100100100110011111
In base 6, what is 25 + -31055524?
-31055455
In base 12, what is -118b0968 - -5?
-118b0963
In base 16, what is -a45b + -3?
-a45e
In base 3, what is 100121 + 10022212211?
10100020102
In base 10, what is -4 - -118273429?
118273425
In base 14, what is 62c2737 + -1?
62c2736
In base 13, what is -176 - 2697?
-2840
In base 16, what is 7ab2 - 336?
777c
In base 6, what is -1135 - 23?
-1202
In base 4, what is 223030 - -13021212?
13310302
In base 7, what is -1 - 445536042?
-445536043
In base 4, what is 11 + 2111300100011?
2111300100022
In base 12, what is 159567384 + -1?
159567383
In base 9, what is 855513 + 1?
855514
In base 16, what is -349 + 5fa5a?
5f711
In base 3, what is -11210 + 21001121?
20212211
In base 2, what is 100111011001111101001 + -1000101?
100111011001110100100
In base 10, what is 14479 + -73?
14406
In base 6, what is -34541210 + 1534?
-34535232
In base 5, what is -42214 - -144420?
102201
In base 10, what is 1 - -14441026?
14441027
In base 16, what is 5365 + 14e2?
6847
In base 6, what is -1404555 + -53?
-1405052
In base 5, what is -213122333 - -2401?
-213114432
In base 15, what is 4610e - 20?
460de
In base 13, what is -3 - 20c93971?
-20c93974
In base 6, what is -214052055 + 140?
-214051515
In base 4, what is -32 + 31311202233?
31311202201
In base 7, what is 2546021 + -30?
2545661
In base 13, what is -62b1907 + 18?
-62b18bc
In base 12, what is -b5b04 - -2?
-b5b02
In base 12, what is -977a304 - 3?
-977a307
In base 5, what is -121202 - 24031?
-200233
In base 12, what is -215 + 18216?
18001
In base 11, what is -41 + -8a9916?
-8a9957
In base 8, what is -11 - 236333500?
-236333511
In base 12, what is -37 + 37356?
3731b
In base 9, what is 3 - 51271765?
-51271762
In base 4, what is -3 + -1130200303201?
-1130200303210
In base 5, what is -1144 + 423004300?
423003101
In base 10, what is 6 + -710422?
-710416
In base 7, what is -20 - 1066034115?
-1066034135
In base 7, what is 14 + -33631504?
-33631460
In base 16, what is -5 - -35d9bb1?
35d9bac
In base 6, what is -220 - -51522?
51302
In base 14, what is -b6 + 9599?
94c3
In base 10, what is 2 + -45323169?
-45323167
In base 16, what is 94a5 - -4d5?
997a
In base 6, what is -3 - -32402334152?
32402334145
In base 9, what is 62713 - -37?
62751
In base 4, what is 221 - -330210332001?
330210332222
In base 15, what is 258757be - -4?
258757c3
In base 14, what is 528017b - -1?
528017c
In base 16, what is 26 - -2036a6?
2036cc
In base 13, what is -4 - 8b73bb?
-8b73c2
In base 11, what is 18 - 700960?
-700943
In base 14, what is -60c3d + b74?
-600a9
In base 12, what is -1001 + 19959?
18958
In base 3, what is 1010 + 211201121210?
211201122220
In base 8, what is 40 + 7074464?
7074524
In base 3, what is 111222012221222020 + -2?
111222012221222011
In base 8, what is -52455 - 35675?
-110352
In base 4, what is -1002201322 - -1213?
-1002200103
In base 3, what is -120 + 102121110020210?
102121110020020
In base 15, what is -18 + -2d00b0?
-2d00c8
In base 10, what is -5 + -10465731?
-10465736
In base 16, what is -3789a - -25?
-37875
In base 8, what is 12 + -2057663?
-2057651
In base 8, what is -75 + -453701?
-453776
In base 8, what is 1142 - 25540?
-24376
In base 15, what is -2e5c964 - 1?
-2e5c965
In base 7, what is 1105556 + -322?
1105234
In base 10, what is -15435 - -105?
-15330
In base 10, what is -39936 + 3020?
-36916
In base 6, what is 25503324 - 220?
25503104
In base 3, what is -11 + -100221110122021?
-100221110